ainder when 9431 is divided by 1194.
1073
Calculate the remainder when 13839 is divided by 37.
1
Calculate the remainder when 4509 is divided by 82.
81
Calculate the remainder when 288793 is divided by 22.
21
What is the remainder when 687587 is divided by 321?
5
What is the remainder when 219020 is divided by 94?
0
Calculate the remainder when 70889 is divided by 70885.
4
Calculate the remainder when 10778 is divided by 10765.
13
What is the remainder when 3368 is divided by 305?
13
Calculate the remainder when 645595 is divided by 8.
3
What is the remainder when 395568 is divided by 395557?
11
What is the remainder when 8592 is divided by 97?
56
Calculate the remainder when 346814 is divided by 165.
149
Calculate the remainder when 451 is divided by 222.
7
What is the remainder when 3222633 is divided by 186?
183
Calculate the remainder when 8876 is divided by 1249.
133
What is the remainder when 57765 is divided by 86?
59
What is the remainder when 10734 is divided by 136?
126
What is the remainder when 4093 is divided by 1013?
41
What is the remainder when 12545 is divided by 51?
50
Calculate the remainder when 1198 is divided by 1045.
153
Calculate the remainder when 18964 is divided by 179.
169
Calculate the remainder when 6786 is divided by 2653.
1480
What is the remainder when 453 is divided by 217?
19
Calculate the remainder when 6781 is divided by 2021.
718
What is the remainder when 7801 is divided by 1779?
685
Calculate the remainder when 41073 is divided by 5866.
11
Calculate the remainder when 119421 is divided by 59705.
11
What is the remainder when 352718 is divided by 40?
38
What is the remainder when 156783 is divided by 164?
163
What is the remainder when 900820 is divided by 6?
4
What is the remainder when 7501 is divided by 215?
191
Calculate the remainder when 296941 is divided by 536.
533
Calculate the remainder when 888475 is divided by 206.
203
What is the remainder when 11609 is divided by 20?
9
Calculate the remainder when 2641 is divided by 1212.
217
What is the remainder when 81480 is divided by 131?
129
What is the remainder when 289403 is divided by 96463?
14
Calculate the remainder when 4754 is divided by 641.
267
What is the remainder when 361190 is divided by 35?
25
What is the remainder when 74135 is divided by 44?
39
Calculate the remainder when 3968 is divided by 70.
48
Calculate the remainder when 415088 is divided by 26.
24
What is the remainder when 6954 is divided by 528?
90
What is the remainder when 37859 is divided by 12612?
23
Calculate the remainder when 2037 is divided by 402.
27
What is the remainder when 3074 is divided by 383?
10
What is the remainder when 625 is divided by 481?
144
What is the remainder when 53211 is divided by 123?
75
What is the remainder when 661088 is divided by 220362?
2
Calculate the remainder when 153365 is divided by 7.
2
What is the remainder when 4112 is divided by 1253?
353
What is the remainder when 210846 is divided by 88?
86
Calculate the remainder when 599658 is divided by 149912.
10
What is the remainder when 5427 is divided by 5?
2
Calculate the remainder when 619259 is divided by 623.
620
Calculate the remainder when 14088 is divided by 94.
82
What is the remainder when 30864 is divided by 129?
33
Calculate the remainder when 42444 is divided by 923.
909
What is the remainder when 960 is divided by 730?
230
What is the remainder when 2027860 is divided by 153?
151
Calculate the remainder when 29035 is divided by 7.
6
Calculate the remainder when 1545 is divided by 168.
33
Calculate the remainder when 4924799 is divided by 400.
399
Calculate the remainder when 7404 is divided by 432.
60
Calculate the remainder when 8192 is divided by 18.
2
What is the remainder when 260259 is divided by 143?
142
Calculate the remainder when 3549 is divided by 899.
852
Calculate the remainder when 3161 is divided by 3138.
23
What is the remainder when 29136 is divided by 1004?
20
Calculate the remainder when 2624 is divided by 38.
2
Calculate the remainder when 9799 is divided by 9745.
54
What is the remainder when 2150 is divided by 45?
35
What is the remainder when 2219 is divided by 2191?
28
What is the remainder when 2913 is divided by 131?
31
Calculate the remainder when 19036 is divided by 905.
31
Calculate the remainder when 9296 is divided by 64.
16
What is the remainder when 7901 is divided by 16?
13
What is the remainder when 1046397 is divided by 1308?
1305
Calculate the remainder when 22817 is divided by 22812.
5
Calculate the remainder when 2735 is divided by 23.
21
Calculate the remainder when 6279 is divided by 146.
1
Calculate the remainder when 29760 is divided by 34.
10
What is the remainder when 15579 is divided by 3041?
374
What is the remainder when 5072 is divided by 422?
8
Calculate the remainder when 3193 is divided by 810.
763
What is the remainder when 28298 is divided by 61?
55
Calculate the remainder when 159261 is divided by 474.
471
What is the remainder when 23500 is divided by 30?
10
What is the remainder when 5700 is divided by 1895?
15
What is the remainder when 6456 is divided by 1579?
140
Calculate the remainder when 5066 is divided by 28.
26
Calculate the remainder when 1651 is divided by 525.
76
Calculate the remainder when 565 is divided by 19.
14
Calculate the remainder when 46879 is divided by 91.
14
Calculate the remainder when 11449 is divided by 177.
121
Calculate the remainder when 362637 is divided by 24.
21
Calculate the remainder when 1765853 is divided by 882922.
9
Calculate the remainder when 12028 is divided by 38.
20
Calculate the remainder when 16891 is divided by 1851.
232
Calculate the remainder when 8073 is divided by 65.
13
Calculate the remainder when 5756 is divided by 23.
6
Calculate the remainder when 101571 is divided by 243.
240
Calculate the remainder when 3654 is divided by 1210.
24
Calculate the remainder when 278096 is divided by 30.
26
Calculate the remainder when 30300 is divided by 10099.
3
Calculate the remainder when 33826 is divided by 5.
1
Calculate the remainder when 23416 is divided by 263.
9
Calculate the remainder when 23948 is divided by 16.
12
Calculate the remainder when 1995 is divided by 473.
103
What is the remainder when 6530 is divided by 816?
2
What is the remainder when 86 is divided by 27?
5
What is the remainder when 39973 is divided by 515?
318
What is the remainder when 571 is divided by 107?
36
Calculate the remainder when 347793 is divided by 23186.
3
Calculate the remainder when 15695 is divided by 7.
1
What is the remainder when 13352 is divided by 4388?
188
Calculate the remainder when 1131 is divided by 660.
471
Calculate the remainder when 8500 is divided by 1412.
28
What is the remainder when 58 is divided by 39?
19
Calculate the remainder when 27585 is divided by 49.
47
What is the remainder when 32692 is divided by 73?
61
Calculate the remainder when 26348 is divided by 4386.
32
What is the remainder when 12590 is divided by 9?
8
Calculate the remainder when 163033 is divided by 50.
33
Calculate the remainder when 17784 is divided by 155.
114
What is the remainder when 13685 is divided by 1372?
1337
Calculate the remainder when 5694 is divided by 2840.
14
Calculate the remainder when 3073663 is divided by 401.
399
Calculate the remainder when 21129 is divided by 36.
33
Calculate the remainder when 9770 is divided by 390.
20
What is the remainder when 7510 is divided by 62?
8
What is the remainder when 2169 is divided by 28?
13
Calculate the remainder when 12631 is divided by 117.
112
What is the remainder when 1156 is divided by 1126?
30
Calculate the remainder when 631840 is divided by 93.
91
What is the remainder when 3382 is divided by 491?
436
What is the remainder when 535734 is divided by 408?
30
What is the remainder when 248108 is divided by 433?
432
Calculate the remainder when 98321 is divided by 355.
341
Calculate the remainder when 670 is divided by 399.
271
Calculate the remainder when 1612 is divided by 266.
16
Calculate the remainder when 3271 is divided by 1058.
97
Calculate the remainder when 1477078 is divided by 9.
7
Calculate the remainder when 29860 is divided by 564.
532
What is the remainder when 12406 is divided by 3098?
14
What is the remainder whe